. What are the prime factors of j?
37
Suppose -a = -2*p - 9, 2 = 2*a + 5*p - p. Suppose -49 = -5*u + 5*o + 36, 0 = -a*u - 4*o + 76. List the prime factors of u.
2
Suppose u - 4*u = -12. Let i be 4/(-3)*(u - 1). What are the prime factors of ((-3)/i)/((-1)/(-4))?
3
Suppose -k + 6 + 29 = 0. What are the prime factors of k?
5, 7
Suppose -12 + 38 = 2*d. What are the prime factors of d?
13
Let x be 1 - 2 - 1 - 1. Let m be -3*(19/x - 0). Let j = -11 + m. What are the prime factors of j?
2
Suppose 0 = 2*h - w - 15, 1 = w + 2. Let n(a) be the third derivative of a**4/24 - a**3/6 - 4*a**2. What are the prime factors of n(h)?
2, 3
Let n = 8 - -9. List the prime factors of n.
17
Suppose -2*x + 6 = -0*x. Let s = x - -2. List the prime factors of s.
5
Suppose 0 = -2*j + j. Let a = j - 0. Suppose 2*u - 4 - 8 = a. List the prime factors of u.
2, 3
Let j(b) = b**2 + 2*b + 7. What are the prime factors of j(6)?
5, 11
Let j = 102 + -47. What are the prime factors of j?
5, 11
Suppose -63*r = -59*r - 1332. List the prime factors of r.
3, 37
Suppose j - 3 = 33. What are the prime factors of j?
2, 3
Let c(v) = -2*v**2 - v**2 - 3 + 4*v**2. Let w be 2*1*33/(-22). What are the prime factors of c(w)?
2, 3
Let j = 2 + -2. Suppose -28 = -4*x - 3*f, 0 = x - j*f - f. Suppose 5*i - 50 = -x*s, 5*s + 5 + 0 = 5*i. What are the prime factors of i?
2, 3
Suppose -4*j = 11 - 63. List the prime factors of j.
13
Suppose -5 = j + 5. What are the prime factors of (3 - 5)*1*j?
2, 5
Let l(j) be the third derivative of j**6/120 + j**5/5 + 5*j**4/12 - j**3 + j**2. List the prime factors of l(-11).
5
Suppose 0 = -3*c + 2*c. Let r = c - -2. Let w = 4 - r. What are the prime factors of w?
2
Suppose 0 = i - 1 + 4. Let y = 14 - i. Suppose 2*v - 4*a = -v + y, 5 = v - 2*a. List the prime factors of v.
7
Suppose -r = 2*r + 39. Let a = r - -39. Suppose -5*o - a = -3*m, -5*o = 1 + 4. List the prime factors of m.
7
Let z(u) = 3*u**2 - 18*u - 24. What are the prime factors of z(-9)?
3, 127
Let i be 3 + (0 - 0) - 1. Suppose 6 = i*g, -3*g - 9 = 2*o + o. What are the prime factors of (-2)/6 - 32/o?
5
Let n = -6 - -9. Suppose -2 = -n*q + 4. Let v = q - -1. What are the prime factors of v?
3
Let v = 3 - -11. Let b(z) = 2*z + 2. Let x be b(-5). Let q = v + x. List the prime factors of q.
2, 3
Let r(b) = -b**2 + 3*b + 5. Let s be r(6). Let c = s + 8. Let f = 12 + c. What are the prime factors of f?
7
Let c = 186 - 112. List the prime factors of c.
2, 37
Let a = 84 + -38. What are the prime factors of a?
2, 23
Suppose -5*h - 16 = -2*q, -q = -4*h - 6*q + 7. What are the prime factors of (-2 - -1)*h + 28?
2, 3, 5
Let s(o) = -o**3 + 4*o**2 + 6*o - 1. Let q be s(5). Suppose -b = 1 - q. What are the prime factors of b?
3
Let a(s) be the third derivative of s**5/60 - s**4/6 + s**3/2 + 2*s**2. What are the prime factors of a(6)?
3, 5
Let i = 122 - 47. List the prime factors of i.
3, 5
Let f(z) = -5*z + 3. Let j be f(6). Let h(n) = -n - 7. Let x be h(7). Let q = x - j. List the prime factors of q.
13
Let o(p) = -p**3 - 2*p**2 - 2*p - 1. Let s be o(-1). Let i = s + 1. Let j(a) = 5*a - 1. List the prime factors of j(i).
2
Suppose 4*w - w + 4*j - 106 = 0, w = 4*j + 30. List the prime factors of w.
2, 17
Suppose 6*r + 1 = 5*r. List the prime factors of ((-6)/4)/(r/12).
2, 3
Suppose 5*t - 30 = -2*n - 3*n, 10 = -5*n. List the prime factors of (-20)/t*-6 - -2.
17
Suppose -3*l + 7*l = 0. Let a = l - 0. Suppose a = -5*o - 9 + 64. List the prime factors of o.
11
Suppose -6*l + 344 = 2*l. List the prime factors of l.
43
Suppose 5*b - 2*t = -1, -3*b = -4*b - t + 4. Let l(i) = -i + 2*i**2 + 3*i**2 - 1 - 2*i**2 - b. List the prime factors of l(-2).
2, 3
Let t = 29 + -134. Let i = t + 147. What are the prime factors of i?
2, 3, 7
Let w = -8 - -18. Suppose -q - q = -w. What are the prime factors of q?
5
Let s(v) = 2*v**2 - 4*v + 6. Let o(d) = d**2 + 4. Let q be o(0). What are the prime factors of s(q)?
2, 11
Suppose 6*p = 2*p - 68. Let g = 11 + p. List the prime factors of 0/(g/(-3)) - -18.
2, 3
Let d be (2 + 43)*(-4)/(-6). Suppose 0*r + 4*b - 134 = -3*r, 4*r = b + 166. Let p = r - d. What are the prime factors of p?
2, 3
Let v be (0/2)/(0 - 1). Suppose v = m - 13 - 0. List the prime factors of m.
13
Suppose -g + 34 = -206. What are the prime factors of g?
2, 3, 5
Let f = 44 + -15. Suppose 4*r + 3*d = 31, -5*r + f = 5*d - 16. Suppose -3*m + 33 = 2*u, -m - 15 = -u - r*m. List the prime factors of u.
2, 3
Suppose -3*r - 15 = 0, -5*r + 21 + 47 = z. List the prime factors of z.
3, 31
Let c = -1 + 0. Let u be 0/(-1)*c*1. List the prime factors of -11*(2 - u)/(-2).
11
Let n = 28 + -16. Let z = -4 + n. Suppose -y + 2*y = z. What are the prime factors of y?
2
Suppose -9*w = -14*w + 340. List the prime factors of w.
2, 17
Suppose 5*c + 0*c = 0. Let q(s) = 5 + 2*s**2 - s**3 - 8*s**2 + c*s**3 - 5*s. What are the prime factors of q(-5)?
5
Let c = 2 - 0. Suppose d + 0 = c. Suppose -t + 7*z - 4*z - 3 = 0, 0 = -5*t + d*z + 24. List the prime factors of t.
2, 3
List the prime factors of 12/((-1)/6*72/(-80)).
2, 5
Let i(t) = 4*t**3 - 12*t**2 - 2*t + 6. Let f(n) = -n**3 + n**2 - n. Let c(o) = 5*f(o) + i(o). What are the prime factors of c(-6)?
2, 3
Suppose 4*b - 1 - 15 = 0. List the prime factors of b.
2
Suppose 0 = -22*d - 33 + 2959. What are the prime factors of d?
7, 19
Suppose 0 = -3*v - 2*v + 160. What are the prime factors of v?
2
Let g(o) = -6*o**2 - 3*o. Let v(l) = 7*l**2 + 4*l. Let u(q) = 5*g(q) + 4*v(q). Let x be u(2). What are the prime factors of x/(-2)*(4 + 1)?
3, 5
Let s = 12 + -8. Let q(d) = d**2 - 3*d + 2. Let l be q(2). Suppose l*k - s*k + 36 = 0. What are the prime factors of k?
3
Suppose 4*o - 197 = 171. Let x = o - 53. What are the prime factors of x?
3, 13
Let m be (-357)/(4/((-24)/9)). Suppose -3*c = m + 62. List the prime factors of ((-6)/4)/(15/c).
2, 5
Suppose 100 = 7*x + 2. What are the prime factors of x?
2, 7
Suppose 0 = -2*k + 12 + 18. List the prime factors of k.
3, 5
Suppose -4*s = -p - 65, -37 - 113 = 2*p - 3*s. What are the prime factors of p/(-6) - (-2)/(-4)?
13
Let v(p) = p**3 - p**2 - 7*p + 12. Let t be v(8). Suppose 6*b = 2*b + t. Suppose 0*r + b = 5*r - f, -5*r = 5*f - 125. What are the prime factors of r?
3, 7
Let s(b) = -12*b - 14. List the prime factors of s(-12).
2, 5, 13
Suppose -41 = -3*y + 2*y - 2*i, y - 5*i - 27 = 0. What are the prime factors of y?
37
Let q be -2 - (0 + -1 + 4). What are the prime factors of ((-10)/q)/(1 + 0)?
2
Let c = 93 + -37. What are the prime factors of c?
2, 7
Let i be -34 - ((-1 - -2) + 1). Let k = i - -62. List the prime factors of k.
2, 13
Let v = 73 - 27. What are the prime factors of v?
2, 23
Suppose 17 = -2*b + 269. What are the prime factors of b?
2, 3, 7
Let v be 4/10 - 23/(-5). Suppose -10 - 70 = -v*b. What are the prime factors of b?
2
Let u be -9*(10/6)/(-1). Let h = 37 - u. List the prime factors of h.
2, 11
Let a = 415 - 174. List the prime factors of a.
241
Let n(x) = x**3 + 7*x**2 - 4*x - 9. Let b be n(-7). Let w = -4 - 9. Let d = b + w. What are the prime factors of d?
2, 3
Let v = 1 - 1. Let c(b) = 7*b + 15. Let h(p) = p + 1. Let i(z) = c(z) - 6*h(z). List the prime factors of i(v).
3
Suppose -t = 4*t + 5*o, 7 = 5*t - 2*o. Let a(y) = y**2 - y + 2. Let x be a(0). Let f = t + x. What are the prime factors of f?
3
Let j(g) = 5*g**3 - 2*g**2 + 2*g - 1. Let a be j(1). Suppose w + a*w = 40. What are the prime factors of w?
2
Let n(f) = f**3 + 76. List the prime factors of n(0).
2, 19
Suppose 0*i + 128 = 3*i + 4*n, i - 4*n - 16 = 0. Let l be 3 - 3*(0 + 1). List the prime factors of i/(l + 3) + -3.
3
Let c = -222 + 391. What are the prime factors of c?
13
Let g(o) = o - 7. Let y be g(5). Let s = y + -6. List the prime factors of (-4)/s + (-18)/(-4).
5
Let h = 12 + -6. Let l = 14 - h. What are the prime factors of (-2)/l + (-34)/(-8)?
2
Let m = 3 - 0. Let d be 13/4 - (-1)/(-4). Suppose -3*k - d*r + 21 = -12, 5*r - 31 = -m*k. List the prime factors of k.
2, 3
Let b(p) = 4*p + 2. Let c be (-2 - -11)*(-2)/(-6). List the prime factors of b(c).
2, 7
Let q = 83 - 34. List the prime factors of q.
7
Let m(g) = -16*g - 2. List the prime factors of m(-8).
2, 3, 7
Let k(r) be the second derivative of r + 0 - 3*r**2 + 1/6*r**3. List the prime factors of k(9).
3
Suppose 5*h - 59 